Let x(r) = -r**2 - 21*r + 28. Let u(d) = -d**2 - 18*d + 34. Let y(h) = -5*u(h) + 4*x(h). What is y(5)?
-3
Let f(j) = 4*j**3 + 17*j**2 - 36. Let i(o) = 7*o**3 + 30*o**2 - o - 64. Let p(z) = 5*f(z) - 3*i(z). Calculate p(-3).
-15
Let w(a) = -a**2 - 11*a + 36. Let b(f) = -2*f**2 - 22*f + 62. Let u(t) = -4*b(t) + 7*w(t). Suppose 65 = -5*i + 5*g, 35 = -3*i - 0*g + g. Give u(i).
4
Let i(s) = s**3 - 10*s**2 + 10*s + 1. Let o(b) = -b**2 + 93*b - 1883. Let n be o(30). Give i(n).
-76
Suppose -3*x + f = -6*x + 53, -2*f = x - 21. Let t(i) = i + 13 + x - 35. Give t(4).
-1
Let p(c) = -51*c**3 + 9*c**2 - 2*c - 3. Let j(u) = -22*u**3 + 5*u**2 - 2*u - 1. Let g(k) = -7*j(k) + 3*p(k). Let h(o) = -o - 6. Let d be h(-13). Determine g(d).
5
Let f = -2 + 1. Let n(x) be the second derivative of -18*x + 0*x**4 - 3/10*x**5 + 0 + 0*x**2 + 0*x**3. Determine n(f).
6
Suppose 4*j + 3*r - 122 = 0, 3*j - 21 = 2*j + 4*r. Let v(k) = -k + 69 - 22 - j. Suppose -41*a = -45*a + 36. Determine v(a).
9
Let z(f) be the second derivative of f**3/6 - f**2 - 7*f. Suppose -24*o = -30*o + 30. Suppose -h = h - 2*g - 6, h = -3*g - o. What is z(h)?
-1
Let w(b) = -20 - 4296*b + 4281*b + 3 - 3*b**2 + b**2. What is w(-5)?
8
Let a(f) be the second derivative of -f**4/12 + 11*f**3/6 - 5*f**2 - 5905*f + 3. Suppose 0*k = 3*k - 4*o - 13, -5*k = 4*o - 43. Give a(k).
18
Let k = 191 + -442. Let r = k - -252. Let a(u) = -17*u - 1. What is a(r)?
-18
Suppose 0 = 18*x - 30*x. Let r(b) = 120*b + 4 + x + 0 - 119*b. What is r(-12)?
-8
Let r(x) be the second derivative of -x**4/12 - 4*x**3/3 - 5*x**2/2 - 16*x. Suppose 3*q - 3 = 9. Suppose -2*a = -q*n - 22, n + 5*a - 19 = 5*n. What is r(n)?
7
Let w(k) = 8*k**2 - 5*k - 12. Let q = -4 - -2. Let h be w(q). Let r(y) = -18 + h - y + 2*y. Calculate r(-12).
0
Let k(h) = 5*h**3 + 11*h**2 + 27*h - 9*h**3 + 7 + 28*h + 4 - 52*h. Let f(s) = 11*s**3 - 31*s**2 - 8*s - 33. Let t(j) = -3*f(j) - 8*k(j). Give t(5).
11
Let f(r) be the second derivative of -r**3 - 13*r**2/2 + 1355*r. What is f(3)?
-31
Let p(g) be the second derivative of -g**3/6 - 3*g**2 + 2*g. Suppose 9*z + 4*q = 7*z + 4, 3*z + 9 = -q. Determine p(z).
-2
Suppose 11*g = 15*g - 16. Let p be (-34)/(-10) - g/10. Let q(h) = 14 + 12*h**p + h + h**2 - 3*h**3 - 14. What is q(-1)?
-9
Let d(x) = x**2 + 6*x + 7. Suppose 606 = 4*w + t + 2315, 3*w + 1293 = 3*t. Let g = w + 424. What is d(g)?
-1
Suppose -3*l = -2*l - 2. Suppose l*y - 4 = 6*y. Let u(w) be the third derivative of 3*w**6/40 - w**5/60 - w**4/24 - w**3/6 - 4*w**2 - 41300*w. Calculate u(y).
-10
Let v = 9 + -2. Let m(f) = 58 - 18 - 5 - f - 15 - 7. Calculate m(v).
6
Suppose -3*o - 31 = -2*f - 2, 13 = -2*f - 3*o. Let l(g) be the second derivative of g**3/6 - 2*g**2 + g. Calculate l(f).
0
Let x(r) be the second derivative of 5*r**3/2 + 11*r**2 - r + 489. Determine x(-4).
-38
Let y(l) = 2*l**3 + 3*l**2 - 4*l - 3. Suppose 12*m + 9 = -15. Let g be 36/(-9) + 3 + m. What is y(g)?
-18
Suppose -300 + 65 - 386 = -69*o. Let g(r) = -r**3 + 8*r**2 + 14*r - 14. Determine g(o).
31
Let c(d) be the third derivative of -d**6/120 - d**5/30 + 5*d**4/24 + 2*d**3/3 - d**2. Let o be (10*12/20)/(15/(-10)). Determine c(o).
16
Suppose 48 = 6*f + 2*f. Suppose f*k + 70 = 70. Let s(j) = j**3 - j**2 + j + 33. Determine s(k).
33
Let o(r) = r**3 - 7*r**2 + 4*r - 1. Suppose -13 = -t + 4*m, -t + 17 + 2 = -m. Let w(k) = -k**3 + 21*k**2 + k - 27. Let p be w(t). Let f = 0 - p. Determine o(f).
-13
Suppose o + 4*y - 10 = 0, y + 2 = -4*o + 6*o. Let j(n) = -5*n + 6 + 3*n - 5*n + 15*n + 2*n**o. What is j(-5)?
16
Let m = 15724 - 15699. Let v(i) = -2*i**2 + 51*i + 4. Calculate v(m).
29
Let s(k) = 4*k**2 + k - 2*k**2 - 7 - 2*k - 2*k. Let u(x) = x**2 - 2*x - 4. Let r = -163 - -161. Let o(g) = r*s(g) + 5*u(g). What is o(6)?
6
Let s(r) be the third derivative of r**5/60 + r**4/2 + r**3 - 2*r**2. Let u(i) = -2*i**2 - 234*i - 4336. Let b be u(-23). Determine s(b).
6
Suppose 14 = -2*t, -129*t = -3*u - 126*t + 45. Suppose 2*h - 1 = 3*h. Let j be 10*h/(3 - u). Let q(z) = 2*z**3 - 2*z**2 + 2*z + 1. Calculate q(j).
13
Let x(d) = -2*d**3 - d**2 + 2*d - 1. Suppose -3*o = 3*y + 130 + 122, 3*o + 242 = -y. Let u = -78 - o. Let b(q) = 4*q - 3. Let h be b(u). Determine x(h).
-2
Let b(d) = 2 + 1 - 7 + 2*d - 2. Let s be (-2 + 74)*22/(-33). Let a be (-23)/(2484/s) - 49/9. Determine b(a).
-16
Suppose 4*r - 17 = 2*f - 9, -5*r + 3*f + 10 = 0. Let x(i) = -4*i**r + 18*i**3 + 6 - 30*i**3 + 0*i**2 + 11*i**3 + 7*i. Give x(-5).
-4
Let o(q) = 7*q. Let c(k) be the second derivative of -8*k - 13/6*k**3 + 0 - 1/2*k**2. Let b(h) = 4*c(h) + 7*o(h). Give b(-3).
5
Let h(o) be the third derivative of -13*o**4/8 + 118*o**3/3 - 2636*o**2. Give h(6).
2
Let o(y) = -14771 + y + 14642 - y**2 - 5*y - 25*y. Calculate o(-24).
-9
Let j(v) = 16*v + 163. Let u(k) = -8*k - 85. Let i(x) = 4*j(x) + 7*u(x). Calculate i(-7).
1
Let g(r) = 2*r**3 - 71*r**2 + 33*r + 67. Let y be ((-14 - -23) + -16)*-5. Give g(y).
-3
Let w(s) = -s**2 - 5*s - 4. Suppose 3*p + 5*y = 7*p - 43, -19 = -p + 4*y. Suppose 13*b - p = -59. Determine w(b).
0
Let l be 200/(-3)*9/(-4). Suppose 4*g + 11*g - l = 0. Let y be 20/g + -1*2. Let x(r) = -r**2 - 7. Determine x(y).
-7
Let w(a) = 3*a + 4. Suppose 4*u = -46 + 58. Let p(s) = -1. Let n(h) = u*p(h) - w(h). Suppose i + 2*i - 15 = 0, -5*i + 13 = 2*k. What is n(k)?
11
Let q(b) = -5*b + 42. Let h(g) = -g**3 + 5*g + 3. Let i be h(-3). Suppose -i*n + 19*n = 20. Let c(t) = -3*t + 28. Let w(d) = n*q(d) - 8*c(d). Give w(0).
-14
Let j = -16 - -19. Let u(m) = m**3 + m**2 - m - 2. Let r(l) = 4*l**3 + 2*l**2 - 5*l - 5. Let c(v) = -2*r(v) + 6*u(v). Calculate c(j).
-26
Let z(f) = -2*f**2 - 2*f + 3. Let u(d) = -10*d**2 - 10*d + 12. Let x(i) = u(i) - 3*z(i). Determine x(1).
-5
Let q(s) = 16*s - 107. Let f(r) = -16*r + 109. Let y(v) = -4*f(v) - 3*q(v). Let l be y(7). Let b(j) = -j**3 - 5*j**2 - 2*j + 4. What is b(l)?
-8
Let m be 1 - -3 - (26 + -19) - -3*1. Let b(f) = -f + 40. Give b(m).
40
Let q(i) = -6*i**3 - 4*i**2 - i + 3. Let z(v) = -7*v**3 - 4*v**2 - 2*v + 4. Suppose -2*t + 16 = -3*w - 9, 5*w = t - 30. Let b(r) = w*z(r) + 6*q(r). Give b(-5).
3
Let i(n) = -n - 11. Suppose 126 + 239 = 5*a. Suppose -32*l - 170 = -34*l. Let f = a - l. Determine i(f).
1
Let j(c) = -c**3 - c**2 - 9*c**2 - 11*c + 0*c**3 - 13. Suppose 229502 = -43*t + 229115. Determine j(t).
5
Let p(q) = q**2 - 7*q - 2. Let x be (14 + (3 - 11) - -6) + (-18)/3. What is p(x)?
-8
Suppose -3*p = 11 + 4. Let h(g) = g**2. Let b(a) = -a**3 + 3*a**2 + 12*a - 11. Let v(j) = p*h(j) - b(j). Calculate v(9).
-16
Let y be (648/(-60))/((-1)/5). Let z = -40 + y. Suppose j + z = -3*k - 1, 2*k + 10 = 3*j. Let q(s) = -s**3 - s**2 - s - 5. What is q(j)?
-5
Let t(o) = -o**2 + 12*o - 20. Let n be t(4). Let b(m) = -1 - 9*m**3 + 9*m**2 + 5*m**2 - n*m**2. Determine b(1).
-8
Let f = 338 - 334. Let m(p) = -7*p + 10. Determine m(f).
-18
Let x be (4 - 1) + (19 + -4)/5. Suppose 2*a + x = 3*a. Let f(b) be the third derivative of -b**5/60 + 5*b**4/24 - 6*b**2. What is f(a)?
-6
Let f be (2 - (-1716)/32) + (-87)/(-232). Let h(v) = -v**3 + 53*v**2 + 169*v - 50. What is h(f)?
6
Let g(n) = n**3 - 8*n**2 + 9*n - 2. Let m = 42 + -40. Let b be 2/((-4)/5)*(4 - m). Let p = b - -11. Determine g(p).
-20
Let r(f) = 3*f. Let t be (-33)/(-55) + 42/5. Suppose 0 = 8*z - t*z + 61. Let s = z - 63. What is r(s)?
-6
Let f be (-6)/(-69) + (-12)/138. Suppose f = -4*j + 17*j. Let g(t) = -t**3 + 7. Calculate g(j).
7
Let g(p) be the first derivative of p**6/120 - p**5/30 + p**4/8 - p**3/6 - 41*p**2 + 133. Let l(k) be the second derivative of g(k). Give l(2).
5
Let o(t) = t**2 - 7*t + 6. Let l be o(5). Let i(r) be the first derivative of -r**3/3 - r**2 - 4*r + 1165. Calculate i(l).
-12
Let w(l) = 25*l**3 + 25*l**2 + 5*l - 2. Let p(m) = -23*m**3 - 23*m**2 - 4*m + 1. Let i(a) = -12*p(a) - 11*w(a). Determine i(3).
25
Suppose -44 = -42*h + 250. Let j(k) = -39*k + 264. Calculate j(h).
-9
Let b(s) be the first derivative of -s**4/4 + 8*s**3/3 - 9*s**2/2 + 19*s - 1145. Calculate b(7).
5
Suppose k + 4 = 0, 0 = 5*g - 7*k + 8*k + 39. Let q(d) = -2*d**3 - 13*d**2 + 5*d - 16. Determine q(g).
-2
Let b(l) = -14*l - 8*l**3 - 21*l**2 + 25*l**3 + 41*l**2 - 11*l**2 + 43 - 18*l**3. Calculate b(8).
-5
Let g = 69 + -46. Suppose -p + 10*j - 5*j = g, 5*p + 10 = 4*j. Let d(y) = -6